-69 + (-2 - -16 - -9)
-55
What is the value of 1181 + -1158 + (26 - (-3 + 7))?
45
Evaluate (-14 + 15 - (-24 + (-1 - -8))) + 60.
78
What is the value of -5 - ((-15 - -5) + (-53 - (-14 + 6)) - -3)?
47
What is 11 + (90 - 83) + -2 + 1 + 3 + -61?
-41
Calculate -87 + -28 + (-9 - -92).
-32
What is 103 + 13 + (-664 - -585)?
37
Calculate 11 + (1 + (8 - 1 - -9) - (8 - -3)).
17
What is (-118 - -244) + -113 + (18 - 1) + 3?
33
What is the value of -40 + (-9 - (53 - 62))?
-40
What is the value of -24 - ((15 - 5) + -22 + 24)?
-36
Calculate 7 - (-98 - (56 + -18 + -27)).
116
What is 57 - (61 + -118 + 85)?
29
What is the value of (-13 - 1) + 0 + 3 + 14 - 3?
0
-6858 + 6812 + (-1 + 0 - (0 - 5))
-42
Calculate -2 - -56 - (90 - 126 - -52).
38
What is (59 - -41) + -94 + 92?
98
(97 - 75 - 12) + -1
9
5 + 1 + (-16 - (-19 - 118)) + -32
95
9 + -11 + 24 + -21 + 10 + 22
33
What is -37 - ((22 - ((25 - 17) + 0)) + -1 + -6)?
-44
What is the value of 1827 + -1855 + 77 + -4?
45
-7 + -119 - (7 - 35) - -29
-69
What is -11 + (-2 + 0 + 4 - -15) + (1506 - 1515)?
-3
What is -30 - (1 + -10 - (10 - 21 - 23 - -25))?
-30
What is 35 + -12 - 57 - -27?
-7
Evaluate -24 + 54 + -6 - 64.
-40
What is the value of 17 + (-30 - (27 - 48))?
8
What is the value of 3 + 32 + (6 + -55 - -19)?
5
What is the value of -18 + 10 + -15 - (-145 - 4)?
126
What is the value of -41 - (25 + -45 + 16 + -5)?
-32
Evaluate (5 - 2 - (-70 - -68)) + (0 - 11) - -80.
74
Calculate 1 - (23 - 3 - (0 - (-23 - -6))).
-2
-4 + -54 - -40 - -45
27
Evaluate 1 + -70 + -3 - (-16095 + 16103).
-80
Evaluate 2 + -5 + 11 - (6 - (-16 + -14)).
-28
Evaluate -6 + (-9 - (-9 + -4 + -2) - 10).
-10
What is 49 - (44 - (85 - 3))?
87
What is -243 + 155 + 89 + (1 - 2 - -31)?
31
Evaluate 20 + (-7 - -7) + (-17 - (-23 + 7)).
19
What is the value of 9 + 0 + 26 - (57 - 57)?
35
Calculate 46 + 33 + -87 - -18.
10
Evaluate 41 + (-28 - -11) - (52 + -38).
10
1 + -28 + 94 + -79 + -17
-29
Evaluate -2366 + 2398 - (73 - 3).
-38
Evaluate 4 - 3 - -15 - (-19 - (12 - 39 - -7)).
15
What is -17 - (13 - -1 - (-11 + 7 + 71))?
36
Calculate (-2 + 15 - (-6 - (0 + 5))) + -8.
16
Calculate 6 + 65 + -2 + (-4 - -7) + -112 + 98.
58
What is the value of 19 + -19 + -3 + 13 - 9?
1
What is 1 - (-3 + 2) - (63 + -17 + -31)?
-13
What is -3 + (-2 - (-6 + 2 + -6)) + -1 + -19?
-15
What is the value of -1 - ((134 - 132) + 10 + -2) - -26?
15
3 + 21 + 41 - (0 - ((-4 - 0) + 4))
65
Calculate -5461 + 5469 + 0 + -48.
-40
Calculate 8 - (1 - (10 + 7 + -21)).
3
What is (-16 - -22) + -34 + 7 - -11?
-10
Evaluate -43 + -4 - (75 + -86) - -15.
-21
What is -3 + (-19 - ((-8 - -13 - 8) + 2 - -8))?
-29
Calculate 4 + -14 - (16 - 3) - (1 + (-2 - -1)).
-23
Calculate -31055 + 31107 + (-1 - 26).
25
Calculate -29 - (-5 + -10) - (22 + (3 - (-2 - -10))).
-31
What is the value of -79 + (-41 - -114) - (57 + 3)?
-66
What is -6 - 13 - (-132 + 53 - -81)?
-21
Evaluate (-8 - -47) + -30 + (3 - 29).
-17
Evaluate -5 + 19 + -31 + 30 + (-9 - -10).
14
Evaluate 35 - (66 - 186 - -115).
40
What is -53 + 6 + (24 - 0 - (194 + -174))?
-43
Calculate 59 - (38 + -97 + 79).
39
3 + -1 + (50 - (20 - -27))
5
Calculate (-4 + (8 - 3) - (106 + 2)) + 389 + -376.
-94
What is the value of (50 + -93 - -13) + 32?
2
What is 12 + 74 + -18 + -44?
24
Calculate 0 + 17 + -52 + 46 - (105 - 68).
-26
What is -70 - (-6 - (-20 - -63))?
-21
What is (10 + -7 - 20 - -32) + -3?
12
-83 + (-7 + 7 + -11 + 16 + -8 - -8)
-78
Evaluate -16 - (-10 + -30 - -13) - (-40 - 5).
56
-18 + 3 + -15 + 3 + 1 + -4 + 12
-18
Evaluate (-2 - 19) + 21 - (-10 - 3).
13
(7 - -53) + (-145 - -46)
-39
What is the value of -14 - (-2 - (45 - (-16 + 16)))?
33
(-117 - -6) + -52 + (-25 - -104)
-84
(46 - 21 - 11) + (2 + -5 - 4) + 3
10
What is 9 + -41 - (-28 - 20)?
16
Evaluate -1 + 20 + -32 + 14 - 68.
-67
Evaluate 61 - ((9 - 2) + (1 - 5)).
58
Evaluate -14 + -229 + 248 + -20 + 1.
-14
What is the value of 42 + -1 + -19 + 0?
22
(0 - (0 - 45)) + 4412 + -4411 + 21
67
What is the value of -59 - (0 + -66) - 59?
-52
What is -31 + (4 + -7 - (2 + -4 - -7))?
-39
What is the value of (4340 - 4341) + (-2 - (3 - 1))?
-5
Evaluate 119 + (-32 - (52 - -27)).
8
Evaluate -13 - (-36 - -60 - -1 - 47).
9
Calculate (-37 - -86 - -2) + -63.
-12
Calculate -13 - (-95 - (6 + -66 + 52 - (-4 - -1))).
77
What is 9 - (-2 - -4 - (56 + (-20 - 39)))?
4
What is 24 - 14 - (-12 - -8 - -1 - -27)?
-14
-5 + -33 + -28 + (-6 - -31)
-41
What is the value of 16 + 1 - 1 - (2 + -34 + (-7 - -35))?
20
Evaluate (-39 - -2) + 23 - 1.
-15
Calculate -6 + 19 - (105 + 5) - (3 + -22 - -13).
-91
(65 - 94) + -30 + 1
-58
Evaluate 26 + -11 + 1 + (-6 - (-15 - -7 - 17)).
35
Evaluate (-16 + -65 + 66 - (-27 + -4)) + 16.
32
What is the value of -59 + 34 + (-4 - -1) - -28?
0
What is the value of -1 + 12 + -1 + (1 - -3) + (-617 - -715)?
112
Evaluate -24 - (0 + -18) - (2 - 22) - (-4 - -4).
14
Evaluate (50 - 139 - -52) + -17.
-54
What is the value of (-8 - -16) + (36 - 17) + -18?
9
3 + -70 + 53 - (-1 - -25)
-38
Evaluate 0 - (30 - (-158 + 40 + 0)).
-148
Evaluate (256 - -53) + -76 - 142.
91
132 - (53 + 33 + -37)
83
(-7 - 0) + -57 + 47 + 12 - (1 - -53)
-59
-36 + -13 - -8 - -20 - 10
-31
What is the value of (-10 - -1 - (-18 - -16)) + -34 + -6 + -4?
-51
Calculate 74 + (-100 - (93 + 22)).
-141
Evaluate -24 - (5 - 4) - ((-15 - -12) + -20 - -22).
-24
What is 2216 + -2324 + (-4 - -10 - (-8 - 0))?
-94
Calculate 1 + 12 - (-12 + -9 + 5).
29
What is the value of (33 - (22 - 9)) + (-4 - -3)?
19
What is 13 + (-23 - (-9 + 2)) + (-1 + -29 - -1)?
-32
Evaluate 4 - -2 - (-1 - -14) - (12 - (10 + 5)).
-4
(-74 - 0) + (28 - 13) - ((0 - 3) + -1)
-55
What is the value of -11 - 1 - (1 - (-45 - -41))?
-17
Calculate (10 - (-6 + (19 - 16))) + 6.
19
Evaluate 0 + -56 + 1 - ((37 - 4) + (-8 - 17)).
-63
-13 - (-38 - -30 - (-2 + 7 + 0)) - 102
-102
What is (-18 - 92) + 29 + 21 + (-46 - -10)?
-96
Evaluate -79 - (-33 + -12 + -65).
31
What is the value of -78 + (215 - (3 - -57))?
77
(-14 + (13 - -1) - -5) + 1 + 43
49
Evaluate -17 + (63 - 95) - 38.
-87
11 + -50 + -47 + 43
-43
Calculate (34 + -34 - -13) + (-5 + 4 + 3 - 3).
12
Evaluate 381 + -274 + 7 + (-6 - (-6 - -17)).
97
Evaluate -119 + 121 - (-12 + -20).
34
What is the value of (-40 - -60 - 38) + -9?
-27
(-35 - (18 + 16)) + 62 - (-1 - -13)
-19
Evaluate -3 + 3 + 4 + -53 + (21 + -75 - -59).
-44
What is (11 - 7) + 14 - (17 + (-34 - (16 + -22)))?
29
What is the value of -123 + 113 - -3 - (1 - -22)?
-30
-6 + (38 - -17 - 59)
-10
What is 33 + (-74 - -52) + -29?
-18
Evaluate 28 + (0 + -9 - (-2 - -54)).
-33
What is the value of 1128 + -1142 + (11 - -1) - 63?
-65
(6 - (1 - (5 + -3))) + (-8 - 2)
-3
(138 - 64) + 6 + -31
49
What is 54 + -99 - (23 + -58)?
-10
What is (-64 - (39 + -33 - (11 - -1))) + 1?
-57
Calculate 17 + (11 + 78 - 10).
96
Calculate (-25 - 28 - -28 - -26) + (-9 - -2).
-6
Calculate -56 - (56 - (17 - 1) - 32).
-64
(-5 - (16 - (-10 + -13 + 32))) + -1 + 139
126
What is -10 + (26 - 1) + 23 + -3 - (-9 - -1)?
43
(-2 - -64) + (-51 - (102 + -129))
38
Evaluate (216 + -83 - (21 - 0)) + -37.
75
Evaluate -6 + (-8 - ((-5 - (-7 - (10 - 9))) + 4)).
-21
What is -115 - (-12 - (-2 - -2 - 3) - (448 + -443))?
-101
Calculate -34 - -16 - ((-17 - 52) + 16).
35
Calculate -116 - ((-6 - (-1 - 5) - 13) + 1).
-104
-3 + 72 + (-17 - (6 + 3))
43
6 + (5 - 7 - (15 + 3))
-14
What is 104 - ((-95 - -73) + (3 - -45))?
78
What is 5 + -8 + -21 + (130 - 110)?
-4
Evaluate (-7 - (-11 + 12) - 7 - -6) + -1.
-10
What is 63 + ((-4 - 10 - -2) + 8 - -1)?
60
Evaluate -58 + -125 + 29 + 167.
13
What is -24 + (25 - 51 - -41) + 9?
0
What is the value of 1 + 2 + -21 + (54 - (-32 + 98))?
-30
What is -35 + -40 + 55 - -30?
10
What is the value of 59 - (-6 + -25 - 12)?
102
Evaluate -19 + 177 - (-56 - -167).
47
What is 17 + -43 + 52 + -50?
-24
What is -1 + -17 - (-3574 + 3645)?
-89
What is -8 + -12 + 3 + (4 - (-6 - -23))?
-30
-121 + -44 + 307 - 18
124
Evaluate (-14 - 2) + 19 + (-29 - -15).
-11
Evaluate -10 - (25 + -3) - (5 + -13) - (3 - -1).
-28
Evaluate 43 - (-76 - -49 - (-25 - 0)).
45
Evaluate (-12 - (-7 - -6 - 8)) + (6 - -38).
41
What is the value of -31 + 6 - (13 + -3)?
-35
What is the value of -2 + (54 - 15) + 68 + -5?
100
(1381 - 1373 - (27 - -1)) + -2 + 30
8
What is the value of -1 + -2 + 9 + (-9 + -12 - 14)?
-29
What is 24 - (-14 - (-650 - -663 - (1 + -13)))?
63
What is the value of -55 + (45 - 14) - -36?
